Let k(z) = -l(z) - 4*r(z). Let i(q) = -4*q**2 + 0*q**2 - 5 + 6*q + 3*q**2 + 2*q**2. Let x be i(-6). Determine k(x).
-4
Let k(w) = 5*w + 3. Let s(p) = 11*p + 6. Let n(j) = 13*k(j) - 6*s(j). Determine n(6).
-3
Let s(j) = 3*j + 1. Let m(f) = -f. Let z(a) = -3*a - 3. Let c be ((-6)/5)/(3/(-15)). Let t(o) = c*m(o) - z(o). Let r be t(2). Give s(r).
-8
Suppose 5*n + 11 - 6 = 0. Let c(o) = -o - 1. What is c(n)?
0
Let c(x) = -x**2 - 5*x + 5. Let i be 1/(2 - 3) + 5. Suppose 4*l + i = -4. Let k be l/5 + (-207)/45. Give c(k).
5
Let p(k) = -14*k - 16 - 14 - 2*k**3 - 11*k**2 - 6*k**3. Let m(z) = 3*z**3 + 4*z**2 + 5*z + 10. Let a(r) = -11*m(r) - 4*p(r). Let o = -2 - -2. Calculate a(o).
10
Suppose 0 = d - 5*i + 23, 0 = -2*d + 2*i - 0*i - 6. Suppose -l = 2*q - 11, -q + 0*q = d*l - 10. Let y(r) = r - l*r + 4 + 3*r. Calculate y(-3).
1
Let x(l) be the first derivative of -7/24*l**4 - 4 + 1/2*l**2 - 2/3*l**3 - 1/60*l**5 + 0*l. Let n(t) be the second derivative of x(t). What is n(-5)?
6
Let n be 0/4 - 0/2. Suppose n = -q - 2*j - 1, 0 = j - 6*j. Let i(k) be the third derivative of -k**6/30 + k**5/60 - k**3/6 - k**2. Determine i(q).
4
Suppose 0 = -d + 3*o + 48, 3*d - 116 = o + o. Let q(i) = -1. Let t(a) = -a - 9. Let f(x) = d*q(x) - 4*t(x). What is f(-2)?
-8
Suppose -5*x + 0*x = 0. Suppose x = -3*w + 3*q, -q + 20 = -w - 4*q. Let p(s) = -s - 6. Give p(w).
-1
Let b(q) be the first derivative of -1/90*q**6 + 1/24*q**4 + 0*q + 0*q**2 - 1/3*q**3 + 1 + 0*q**5. Let r(c) be the third derivative of b(c). What is r(1)?
-3
Let q = -14 - -17. Let g(k) = q*k + 0*k - 2 - 2*k. Give g(1).
-1
Let g(j) = -4*j**2 + 3*j - 2. Let n = 0 - -2. Let d = n - 0. Let h(c) = 3*c**2 - 2*c + 1. Let z(v) = d*g(v) + 3*h(v). Calculate z(-2).
3
Suppose -2*h - 31 = -3*p - 2*p, 0 = -2*p - 3*h + 20. Let f(v) = -4 + v + 1 + 0 - p. What is f(0)?
-10
Let y(r) be the third derivative of r**5/60 - r**4/3 + r**3/2 + 50*r**2. Calculate y(8).
3
Let a(i) = -3*i + 0*i - 3 - i**2 + 3*i + 2*i. Determine a(2).
-3
Let l(d) = -d**2 + d + 1. Let r(t) = 0 - 6*t - 4*t**2 - 3 + 5*t**2. Let j(o) = -2*l(o) - r(o). Determine j(-5).
6
Let c(k) = k**3 + 7*k**2 + 5*k + 4. Suppose 4*y + 5*l = 12, -8*y + 3*y + 15 = 3*l. Suppose y*g - 7*g - 24 = 0. Calculate c(g).
10
Let w(d) = 11*d + 15. Let f(q) = -5*q - 7. Let k(u) = -13*f(u) - 6*w(u). Calculate k(3).
-2
Let f(t) be the third derivative of t**4/12 + t**3 + 3*t**2. Let z be f(-5). Let v(o) = o**2 + 6*o + 1. What is v(z)?
-7
Let s(a) = a + 1. Let z = 74 - 67. Give s(z).
8
Let v(i) = 17*i - 1. Let t be v(3). Suppose 4*l = -l + t. Suppose -3*r - 3 = -2*s + l, -r - 4*s + 5 = 0. Let u(k) = -k**3 - 4*k**2. Calculate u(r).
-9
Let a = 82 - 79. Let r(b) be the second derivative of 0 + b - 1/6*b**a - 2*b**2 + 1/3*b**4 + 1/20*b**5. Calculate r(-3).
8
Suppose -u + 3*m - 4 = 0, 4*u + 16 = -4*m - m. Let i(x) = -x - 4. Determine i(u).
0
Let s(h) be the second derivative of -h**6/120 - h**4/4 - h. Let d(p) be the third derivative of s(p). Give d(-1).
6
Let u(q) = -q**3 - 5*q**2 - 4*q. Let s = 9 - 5. Suppose 3*y - 3*p + 10 = -5, 2*y = -s*p - 4. What is u(y)?
0
Let t = -2 + 5. Let v(k) be the second derivative of 3/2*k**2 + 0 + 1/12*k**4 - 3*k - 5/6*k**3. Calculate v(t).
-3
Let o(s) = s**2 - 2*s**2 - s - 4*s - 5 + 4. Determine o(-6).
-7
Let v(b) = -b**3 + 3*b**2 + 5*b - 5. Suppose 3*t = 5*t - 6. Suppose -l - 2 = -t*l. Suppose 4*a - 15 = l. Calculate v(a).
-1
Let c(v) = -v**3 - 4*v**2 + 2*v - 7. Suppose h + 7 = r - 3, 4*h = -r - 15. Calculate c(h).
8
Suppose 2*c - 6 = -4*m, -c - m - 12 = -2*m. Let o = 9 + c. Let g(p) = p**2 + 1. Give g(o).
5
Suppose 0 = 5*q - 3*w, 3*q + 3*w = 13 + 11. Let o(c) = c. Let s be o(2). Let g(b) = 0 + 3*b**2 + s - q. Calculate g(1).
2
Suppose -30 = -2*k - 4*f + 28, 5*k - 5*f = 70. Suppose -5*l = i - k, -3*i - 2*l = -19 + 1. Suppose i*p - 5 = 5*p. Let r(t) = -t - 2. Calculate r(p).
3
Let z(i) = -i**2 - 4*i + 5. Suppose -2*t + 0 - 12 = 0. Give z(t).
-7
Let b(l) = l**2 + l - 4. Let i be b(-3). Let n(s) = 2*s**i - s - 1 - 2 - 2*s - s**3 + 6*s. Give n(3).
-3
Suppose -22*p = -27*p. Let j(g) be the third derivative of 2*g**2 + 0*g + 0 + 1/24*g**4 + p*g**3. Give j(-2).
-2
Let w(y) = 2*y**3 - 4*y**2 + 2*y + 1. Let b(m) = -m**2 + 7*m - 4. Let h be b(6). Let c be 5 - (h + 7)/3. Let s = c - 0. What is w(s)?
5
Let d(q) be the third derivative of q**8/1120 - q**7/2520 + q**6/720 - q**5/120 + q**4/12 + q**2. Let a(m) be the second derivative of d(m). Calculate a(1).
5
Let b(w) be the first derivative of -w**4/4 + 4*w**3/3 + 2*w**2 + 3*w + 1. Suppose -551 + 561 = 2*d. Determine b(d).
-2
Let z be 1/(-1 + 3)*8. Suppose -a = -2*a + 5. Let m(f) = a*f + 3*f**2 - f**3 + 0*f - 3*f. Give m(z).
-8
Let f be ((-2)/2)/((-1)/27). Suppose 4*x - 15 = -u, f = 5*x - x + 5*u. Let v(q) = -q**2 - 30 + 2*q + 51 - 24. Give v(x).
-6
Let y(o) = -o**2 - 3*o - 4. Let r(a) = a**3 + a**2 + a + 4. Let u be r(0). Suppose -u*j = -2*d + 2, 12 = -j - 3*j. Calculate y(d).
-14
Let x(l) = l. Suppose -5*w + 93 - 33 = 0. Let s be w/10*(-5)/(-2). Suppose -s*y - 3 = -d - 4*d, 5*y = -2*d - 5. What is x(d)?
0
Let z = 41 + -42. Let d(g) be the first derivative of -5*g**4/2 - g**3/3 + g - 1. What is d(z)?
10
Let t(s) = s**2 - s + 1. Let w be t(0). Suppose 4*l - 3 = w. Let r(m) = -4*m - 1. Give r(l).
-5
Let f(r) be the first derivative of 6*r + 3 - 2*r**3 + 3*r - 10*r - r**2. Calculate f(-1).
-5
Suppose 0 = 4*x + 2*i + 20, -12 = 3*x + 5*i - 4. Let d(b) = -b**3 - 6*b**2 - b - 3. Determine d(x).
3
Let z(v) be the third derivative of v**9/60480 - v**8/2880 + v**7/720 - v**6/80 + v**5/12 - 2*v**2. Let y(g) be the third derivative of z(g). Calculate y(6).
-3
Let q(v) be the first derivative of v**4/4 - 2*v**3/3 + 2*v**2 - 2*v + 22. Give q(2).
6
Let w(n) = -n**3. Let u(f) be the second derivative of 7*f**5/20 + f**3/6 + f**2/2 - f. Let l(b) = u(b) - 3*w(b). Let r be -1 - (-1 + 1)*1. What is l(r)?
-10
Suppose 4*k = 5 + 15. Let n = k - 9. Let s = -6 - n. Let w(r) = 2*r**2 + r + 1. What is w(s)?
7
Let t(z) = 4*z - 4. Let r(s) = 11*s - 11. Let l(x) = 3*r(x) - 8*t(x). What is l(-4)?
-5
Let s(i) = -i**2 - 5*i + 4 + 2*i**2 + i**2. Suppose q - 47 = -5*p, -2*p - q = -4*q - 12. Suppose -2*d - 5*k = p, 10 - 1 = 4*d + k. Calculate s(d).
7
Let c(m) = -m. Let t(p) = 3*p + 1. Let l(j) = 6*c(j) + t(j). Let w(z) = z. Let i be w(7). Let r be (-6)/21 + 16/i. Determine l(r).
-5
Let o = -1 + 2. Let z(x) = 318*x + 303*x - 611*x. What is z(o)?
10
Let f = 38 - -2. Suppose -g = 4*g - f. Let h = 5 - g. Let o(v) = v**3 + 2*v**2 - 2*v + 2. Determine o(h).
-1
Let t(r) = r**2 + r - 4. Let i = 66 - 61. What is t(i)?
26
Let m(n) be the first derivative of -n**4/4 + n**3 + 3*n - 12. Calculate m(3).
3
Let w(i) = 3*i - 2. Let d be (1 - (-3 - 0)) + -1. Calculate w(d).
7
Let y(g) = 2*g**2 + 4*g + 3. Let a(c) be the second derivative of -c**4/4 + c**3/3 - c**2/2 + 3*c. Let z be (1/(-2))/(4/(-8)). Let w be a(z). Calculate y(w).
3
Let w(z) be the third derivative of z**6/120 - z**5/60 - z**4/4 - z**3/6 - 2*z**2. Let d(j) = -j - 1. Let g(v) = -3*d(v) + w(v). Calculate g(2).
0
Let r(u) = u**3 - 5*u**2 - 2*u + 2. Let d be ((-25)/10 - -2) + 26/4. Determine r(d).
26
Let l = 62 + -66. Let g(i) = -i**2 - 3. Determine g(l).
-19
Let a(g) = -3*g + 4. Let u be 2/(-2) + 36/6. What is a(u)?
-11
Let j(f) = 9*f + 10. Let y(g) = 17*g + 19. Let a(i) = -11*j(i) + 6*y(i). Let r(x) = -x**2 + 7*x - 4. Let c be r(7). What is a(c)?
-8
Let n(u) = 4*u - 10. Let v be n(4). Let d(i) = 4*i**2 - 3 - 5*i**2 - 2 + 6*i. Let s be d(v). Let z(l) = l**3 + 4*l**2 - 3*l + 7. Calculate z(s).
-3
Let h(f) = -6*f**2 - 8*f - 7. Let b(w) = -12*w**2 - 17*w - 15. Let d(o) = -6*b(o) + 13*h(o). Calculate d(-1).
-5
Let y be (4/(-10))/((-12)/(-30)). Let w be (1 - 0) + (2 - -3). Let j(u) = -3*u + w*u + 6*u. Determine j(y).
-9
Let k = -6 + 11. Suppose -7 - 3 = -k*f. Let s(t) = -2*t - t**3 + f + 0*t**3 - 2*t**2 - 3. Calculate s(-2).
3
Let y(b) = 1. Let c(w) = w + 1. Let u(v) = 2*v + 4. Let l(i) = -3*c(i) + u(i). Let x(p) = 2*l(p) - 5*y(p). Calculate x(-4).
5
Let k be 6 - (-1 + 2 + -1). Suppose 20 = -k*r + 2*r. Let c(l) be the third derivative of -l**6/120 - l**5/10 - 5*l**4/24 - l**3 - 2*l**2. Give c(r).
-6
Suppose 4*f - 1 - 7 = 0. Suppose -2*u + 36 = f*u. Let z = u + -8. Let y(q) = -q. Give y(z).
-1
Suppose -19*c - 52 = -